 j be ((-5)/10)/((-1)/(-2)). Let i be -2 + 3 + j + -1 + 3. Suppose -21 = 5*m + i*m. Let d(x) = x + 2. What is d(m)?
-1
Let z(r) be the second derivative of -1/20*r**5 + 7/6*r**4 + r - r**2 + 0 - 13/6*r**3. Calculate z(13).
-2
Let h(k) = k**3 - 9*k**2 - k + 8. Let b be 3*((-49)/(-33) - (-2)/11). Suppose -4*l + 66 = 5*y + 5, y - l = b. What is h(y)?
-1
Let k = 1617 + -1610. Let h(c) = c**2 - 10*c - 5. Calculate h(k).
-26
Let a(y) = y**3 - 8*y**2 + 7*y. Let c(x) = x**3 + 20*x**2 - 21*x + 4. Let p = -41 - -20. Let k be c(p). Let r be (-114)/(-18) - k/(-6). Calculate a(r).
0
Suppose 32*y - 397 = -237. Let q(u) = u**2 - 22*u + 62. What is q(y)?
-23
Let x be 24/9*12/8. Suppose -k - 11 = x*s - 0*k, -k = -3*s - 17. Let m(b) = b**2 + 6*b + 6. Give m(s).
-2
Let v be (-272)/12 - (32/(-12))/4. Let t = v - -25. Let g(s) = -s + 3. Determine g(t).
0
Let a(p) = -p**2 - 46*p + 147. Suppose 201 = -3*s + 6*b, 26*s - 24*s - 5*b + 143 = 0. What is a(s)?
0
Let b(i) = -i**3 - 14*i**2 + 2*i + 31. Let s(a) = 2*a**3 + 30*a**2 - 5*a - 69. Let z(j) = 11*b(j) + 5*s(j). Determine z(-4).
8
Let s(g) = -g**2 + 844. Let q be s(0). Suppose 0 = -5*j + 864 - q. Let b(c) = -2*c - 3*c**2 + 2*c**2 + 3*c + 2*c - 3. Give b(j).
-7
Suppose -20 = 5*l - 0. Let f(x) be the second derivative of -x**3/3 - 5*x**2/2 + 369*x - 1. What is f(l)?
3
Let f(p) = -27*p - 4. Let a(r) = -79*r - 10. Let t(m) = -6*a(m) + 17*f(m). What is t(3)?
37
Let b(z) = z**3 - 4*z**2 - 2*z - 7. Let q be 4/(12/(-219)) - 5/5. Let g = q + 39. Let p = g + 40. Determine b(p).
8
Let l(t) = -6*t**2 + 10*t**2 + 11*t**2 - 3*t + 4 - 3*t. Let k(q) = 31*q**2 - 10*q + 7. Let x(n) = 3*k(n) - 5*l(n). Calculate x(-1).
19
Let n(g) = -2*g**2 + 36*g - 25. Let p(i) = 3*i**2 - 71*i + 40. Let l(u) = -7*n(u) - 3*p(u). Calculate l(6).
1
Let w(g) = -3*g + 17. Suppose -o = -7*o - 3768. Let a = o + 634. Give w(a).
-1
Let h(r) be the second derivative of 81*r + 1/6*r**3 + 0 - 3*r**2. Suppose 0 = 2*b + 6 - 20. Calculate h(b).
1
Let o be 480/(-432) - 40/(-36). Let q(v) = -v**3 - v - 21. Determine q(o).
-21
Let d(u) = u**3 + 9*u**2 + 9*u + 5. Let j = -37 - -85. Let w(r) = -r**2 + 7*r + 17. Let f be w(7). Suppose -11*p + j = -f*p. Give d(p).
-3
Let d(i) = i**2 - 2*i + 4. Let v be 10/(-4)*324/135. Let a be -12 - -10 - -2*(-15)/v. Give d(a).
7
Let g(n) = 11*n**3 + n + 6. Let m(r) = -9*r**3 - r - 5. Let i(c) = 5*g(c) + 6*m(c). Suppose 6 = -3*y + 3. What is i(y)?
0
Let t be ((-119)/(-14) + -8)/((-1)/(-6)). Let x(s) = 617 - 621 - s + 3*s - t*s. What is x(1)?
-5
Let f(t) = t**3 + 2*t + 8. Suppose -6*j + 3*j = 5*q - 19, -q = -5. Let l be f(j). Let m(a) = -a**3 - 6*a**2 - 11*a - 7. Give m(l).
5
Suppose 4*u = -26388 + 26408. Let r(k) = k**3 - 7*k**2 + 15*k - 21. Determine r(u).
4
Let y(z) be the second derivative of z**3 + 25*z**2 + 500*z - 2. Give y(-5).
20
Let q be -14 - (1 + (-62)/4). Let j(f) be the second derivative of -16*f + 1/6*f**4 + q*f**3 + 0 + 0*f**2. Give j(-2).
2
Let t(j) be the third derivative of 5/12*j**4 - 2*j**2 + 0 + 1/6*j**5 + 1/120*j**6 + 2*j**3 - 22*j. Determine t(-9).
3
Let v be 6*3*(-1 + 8)/14. Let c(l) = 300 + 9*l - 161 - 149 - l**2. Calculate c(v).
-10
Suppose 0 = -4*a + 1785 - 621. Suppose 4*o = -3*r - 231, a = -5*o - 5*r + 2*r. Let j be 10/o + 22/(-12). Let k(x) = -2*x**3 - x**2 + 3*x + 2. Calculate k(j).
8
Suppose 5*s = -4*h + 11099, -2670 = -3*s - 5*h + 3992. Suppose -2*c - 5*c + s = 0. Let i(g) = -317*g**2 + g**3 + c*g**2 + g. Determine i(-1).
-2
Let g(t) = 7*t**2 + 6*t - 7. Let h(d) = 4*d**2 + 3*d - 8. Let n(a) = -2*g(a) + 3*h(a). What is n(0)?
-10
Let q(o) = 2*o**2 + 0*o**2 + 0*o**2. Let u be (2 - 27/21) + 6/21. Suppose 2*j + 9 = -4*x - 1, -2*x = -3*j + u. Calculate q(x).
8
Let v(w) be the second derivative of -w**4/12 + w**3/6 + w**2/2 - 6*w. Suppose -4*y + 22 = -5*y + 4*b, 4*y + 28 = 4*b. Calculate v(y).
-5
Let j(h) be the second derivative of -3 + 2*h + 1/2*h**2 + 1/2*h**3. Give j(3).
10
Let s(h) be the first derivative of h**2/2 - 48. Let o(v) = 2*v**2 + 8*v - 3. Let n be o(-6). Let b = -24 + n. Determine s(b).
-3
Suppose -c = -s + 5*s + 1, 5*c + 23 = -2*s. Let b(f) = 4*f**3 - 5*f**2 - 3*f**3 - f**3 - 4 - f**3 - f. Determine b(c).
1
Let l(w) = w**2 - w - 55. Suppose 193*u = -5*m + 189*u - 62, -4*m + 2*u = 34. Give l(m).
55
Let x(l) be the first derivative of -9*l**2/2 - 50*l - 1687. What is x(-6)?
4
Suppose 0*q = q + 5*c, q - 18 = 4*c. Let h(g) be the second derivative of -g**5/20 + 3*g**4/4 + 4*g**3/3 + 11*g**2/2 - 38*g + 72. Give h(q).
-9
Let d(u) = -u + 0*u - u**2 + 384*u**3 - 302*u**3 + 607 - 606. What is d(1)?
81
Let b(h) = 52*h**2 - 207*h - 7. Let v be b(4). Let m(k) = -3*k**2 + 2*k - 6. What is m(v)?
-39
Let m(u) = u**2 + 7*u - 1. Let h be (-4)/(-12)*9*1. Let x be h/((-66)/(-4)) - 315/99. Determine m(x).
-13
Let q be 0 + -3 + 6 - 7. Let p(l) = -6*l**2 - 1. Suppose -4*s + 6*i = 44, 6*i = 3*s + 11*i - 5. Let m(d) = 5*d**2. Let h(t) = q*p(t) + s*m(t). Calculate h(-3).
-5
Let o(m) be the first derivative of -m**5/40 + m**4/4 + 131*m**3/3 + 198. Let v(x) be the third derivative of o(x). What is v(-7)?
27
Suppose -7*a - 4 = -3*a. Let c be (3 + a/3)/(1/3). Let o(j) be the second derivative of j**5/20 - 2*j**4/3 - j**3/6 + 7*j**2/2 + 31*j. What is o(c)?
-1
Let q(y) = 16*y**3 + 2*y**2 - 4*y + 2. Let n(a) = -17*a**3 - 3*a**2 + 3*a - 5. Let v(u) = 3*n(u) + 4*q(u). Calculate v(-1).
-14
Let o(s) be the second derivative of 1/2*s**3 - 1/4*s**4 - 1/2*s**2 + 0 - 3*s. Suppose -5*w - 45 = 3*d - 61, -6 = -d - 2*w. Determine o(d).
-7
Let m(i) = 3*i**3 + 16*i**2 - 15*i - 15. Let q(u) = 14*u**3 + 64*u**2 - 60*u - 59. Let y(x) = -9*m(x) + 2*q(x). Calculate y(15).
17
Let j = -50 - -52. Suppose 2*d + 2*s = 14, 3*d - 5*d = -2*s + j. Let y(q) = 6*q + 3*q**3 + 5*q**2 - 3*q**3 + 0*q - q**d - 9. Determine y(6).
-9
Let g(w) = 1 + 7*w**3 + 4*w**2 + 22*w**2 - 27*w**2 - 2. Determine g(-1).
-9
Let i = -370 - -406. Suppose i*z + 67 = 427. Let h(t) = -t**2 + 10*t + 7. Determine h(z).
7
Let s(x) be the first derivative of x**5/60 - x**4/8 - 6*x**3 - 30. Let b(v) be the third derivative of s(v). Let w be (-18)/(-4) + (-1)/2. What is b(w)?
5
Let t(y) = 9*y + 3. Let b(x) = -17*x - 3. Let n(m) = -3*b(m) - 5*t(m). Give n(2).
6
Let t(k) = -14*k - 2. Suppose -5*w + 20 = 5*y, -11*y + 2*w = -8*y + 13. What is t(y)?
12
Let t(p) = 2*p**3 + p**2 - 2*p + 2. Suppose 0 = -2*q + 4*g - 11 - 1, -3*q - g = -3. Let i(b) = -b**3 + b + 1. Let v be i(q). Determine t(v).
3
Suppose 134*s - 148*s + 42 = 0. Let a(j) = j**2 + 3*j - 4. Give a(s).
14
Let p(c) = -c**3 - 5*c**2 - 3*c. Let a = 49 + -33. Let h be (-1)/(-2)*(a - -1*2). Suppose -4*n = -1 + h. Determine p(n).
-6
Let s(f) = -121 - 62 + 187 + 13*f - 12*f. Suppose -3*v = 2*v + 15. Calculate s(v).
1
Let l = -7964 - -7975. Let i(d) = 4*d**3 - 45*d**2 + 9*d + 27. What is i(l)?
5
Let m(j) = j**3 + 5*j**2 + 4*j + 14. Suppose -12329*g + 12364*g = -210. Determine m(g).
-46
Let x(d) = -d**3 - 9*d**2 + 2*d + 2. Let z be 33/(-44) - (-117)/12. Let i be (-27)/15*(63/z + -2). Determine x(i).
-16
Let y = 81 + -74. Let p(d) = -d**3 + 10*d**2 - 16*d - 40. Give p(y).
-5
Let b(y) = 22*y**3 + 41*y**2 - 5*y + 63. Let v(z) = -30*z**3 - 55*z**2 + 7*z - 84. Let t(m) = 11*b(m) + 8*v(m). Determine t(-5).
41
Let h(d) = 16988 - 8485 - 8492 + 18*d - 20*d. Let s = -13 + 18. Determine h(s).
1
Let s = -20 - -25. Suppose s*x - 2*p = -p + 7, 5*x + 2 = 4*p. Let n(w) = w**2 + 2 - 19*w**3 - 3*w**x - 1 - w**3. Calculate n(-1).
19
Let b(j) = 4*j - 9. Let h be b(3). Let q(m) = 5*m + 16 - 11*m**2 + m**h + 2*m**2 + 0*m**2 + 3*m**2 - 20. Calculate q(5).
-4
Let z(h) = h**3 + 12*h**2 + 4*h + 41. Suppose 57 = -3*f - 25 + 46. Determine z(f).
-7
Let a(c) = c + 27. Let d(s) = 10*s + 79. Let x(u) = 3*a(u) - d(u). Let h be ((-3)/(-2) + 0)*-2. Give x(h).
23
Suppose 154 = 5*o - 4*j - 61, -j = o - 52. Suppose 42*y - o*y + 45 = 0. Let c(i) = -9 + 11*i + 20 - y + i**2. What is c(-11)?
2
Let g = 7124 + -7101. Let k(l) = -l**2 + 23*l - 16. Determine k(g).
-16
Let f(t) = 2*t - 45. Suppose o - 36 = -3*a + 13, 43 = a - 5*o. Calculate f(a).
-9
Let s(k) be the first derivative of k**6/10 + k**4/24 + k**3/6 - 40*k**2 - k + 96. Let u(w) be the second derivative of s(w). Calculate u(-1).
-12
Let y(i) = -3*i**3 + 10*i**2 - 25*i - 2. Let v(d) = 4*d**3 - 10*d**2 + 30*d + 1. Let q(n) = 4